(6 - (0 - 9)) + r*-2. What is the greatest common factor of o and 649?
11
Let b(l) = -4*l**3 - 3*l**2 + 30*l + 33. Let z be b(-8). Calculate the highest common factor of z and 51.
17
Let c be (1656/345)/(3/170). What is the greatest common divisor of 64 and c?
16
Let t be (-176)/(-36) + -6 + (-115035)/(-135). Calculate the highest common factor of 92 and t.
23
Let m = 126 + -127. Let n(a) = -26*a - 8. Let o be n(m). What is the highest common factor of 78 and o?
6
Suppose -2*x + 38 + 6 = 0. Suppose 4*p + 264*k = 263*k + 1229, 4*k = -2*p + 604. What is the highest common divisor of x and p?
22
Let h(p) = -5 - 4*p + 11*p + p**2 + 0 + 0*p**2. Let y be h(-8). Let v be y + -9 + 4 - (-1 - 7). What is the highest common factor of 3 and v?
3
Suppose -44*a + 5759 = 13*a - 1879. What is the highest common divisor of 32 and a?
2
Let q(h) = -h**2 + 157*h + 481. Let k be q(-3). What is the highest common divisor of 2851 and k?
1
Let f(b) = 7*b - 14. Let l be f(10). Let x = l - 56. Suppose x = 28*u - 32*u + 88. What is the greatest common divisor of u and 77?
11
Let w be (-21)/(-3) + (-195)/(-39). Calculate the highest common factor of 372 and w.
12
Suppose 18*r = -18*r + 73404. Suppose -4*q + r = -5*g, -3*q + 3*g = -g - 1528. Calculate the greatest common divisor of q and 24.
12
Suppose 43*k = -20*k + 22080 + 28320. Calculate the greatest common divisor of 64 and k.
32
Suppose -17*a = -8957 + 7835. What is the greatest common divisor of 2189 and a?
11
Let s be 1 + (1 - 2) + 200. Suppose -20 + s = 5*y. Let r be (332/8 + -19)*50/125. What is the greatest common factor of y and r?
9
Let l(b) = 593*b + 5. Let n be l(-1). Suppose -2*g + 62 = -2*m, -3*g + 2*g = 3*m + 113. Let t be n/m - (-2)/3. Calculate the highest common factor of 119 and t.
17
Suppose 200 = 7*q - 3*q - 4*x, q - 5*x = 46. Let p = q - 43. What is the greatest common divisor of 100 and p?
4
Let n(k) = 13 - 8 - 9*k**2 - k**3 + 7*k**2 + 10*k - k**2. Let l be n(-5). Calculate the greatest common factor of 1 and l.
1
Suppose 5*k = -5*i + 3*k + 4042, -811 = -i - 3*k. What is the greatest common factor of i and 1010?
202
Let b = 451 - -4503. What is the greatest common divisor of b and 2?
2
Suppose 0 = 222*u + 125*u - 199872. What is the highest common factor of u and 3888?
144
Suppose 0 = 2*r + 3*f - 2507, -r - 3*f = -759 - 508. What is the greatest common divisor of r and 2976?
248
Let r = 1168 + 264. Calculate the highest common factor of 8 and r.
8
Suppose 9611*q - 9620*q + 364 = -1256. What is the greatest common factor of 220 and q?
20
Suppose 3*f - 125 = 5*v, -8*v = 4*f - 3*v - 120. Let h be 612/21*(f - 28). What is the highest common divisor of 51 and h?
51
Suppose -7902 = -2*q - 2*f, 3*f = q + 106 - 4061. What is the highest common divisor of 114 and q?
38
Suppose b = -z, -2*b + 5 + 1 = -z. Let m(w) = 12 - 3 - 3 - 4 + 2*w. Let t be m(7). Calculate the highest common factor of t and b.
2
Suppose 4*l + 3*h - 9 = 9, 5*l + h = 28. Let w be ((l - 8) + (-5)/1)*-2. Calculate the highest common divisor of w and 140.
14
Let p = 10231 - 7742. What is the highest common factor of 95 and p?
19
Let g = -454 - -456. Let f be (g/8)/((-23)/(-4876)). What is the greatest common divisor of f and 106?
53
Let r be (318/742)/((-1)/(-189)). Calculate the greatest common factor of r and 1152.
9
Let d = -12190 - -15848. Calculate the greatest common factor of d and 248.
62
Let n = -137 - -144. Suppose -n*m + 31 + 53 = 0. What is the highest common divisor of m and 18?
6
Let p be 158 + (-9)/(27/6) + 1. Suppose 7*z - 221 = p. Calculate the highest common factor of 12 and z.
6
Suppose 4*w = 350 - 98. Let k = w + -42. Let l be 16 - ((-90)/2)/(-5). Calculate the greatest common divisor of l and k.
7
Let r be 1*-3*9/(243/90). Let y(q) = q**3 + 9*q**2 - 13*q + 2. Let g be y(r). Calculate the greatest common divisor of 6 and g.
2
Let g = 6377 + -6261. What is the highest common factor of g and 754?
58
Let n(a) = 14*a - 4. Let v be n(1). Suppose -b = 2*g - v, -7*g = -2*b - 4*g + 13. What is the greatest common divisor of b and 168?
8
Suppose 4*f + 4*h - 2724 = 0, -26*f + 23*f + 4*h + 2099 = 0. Calculate the highest common factor of 1855 and f.
53
Let r be (-5218)/(-6) - (-932)/699. Calculate the highest common factor of r and 793.
13
Suppose -55*q + r - 2765 = -60*q, 3*q = r + 1651. What is the greatest common divisor of 720 and q?
24
Let k be 2/(-6) - 31/(-3). Suppose -5*u + 485 = k*a - 14*a, -3*u = a - 308. Calculate the highest common divisor of 1111 and u.
101
Let b be 2*(-1)/6*(0 - 153). Suppose -5*t + 182 - 53 = n, -2*t - n + b = 0. Let k = -43 + 56. What is the highest common divisor of t and k?
13
Let m be 6/9 + 32/6. Suppose 16 = -14*q + 18*q. Suppose 0 = q*d - 166 - 74. Calculate the highest common divisor of d and m.
6
Let c = -110 - -120. Suppose 0 = 7*a - c*a + 39. Calculate the greatest common divisor of a and 26.
13
Let v(x) = 9*x**2 - 35*x + 2. Let l be (3/12)/(1/16). Let k be v(l). Calculate the greatest common divisor of k and 78.
6
Suppose 123*r - 45556 + 9364 = 7*r. What is the greatest common factor of r and 480?
24
Let f be 70*10/(10 - 5) + 4. Suppose -3*k - k = -f. Calculate the greatest common factor of 28 and k.
4
Suppose 0 = -77*d + 136*d - 1888. What is the greatest common divisor of d and 8144?
16
Let n(r) = 12*r**2 - 19*r + 5. Suppose 0 = 2*a + 3 - 15. Let y be n(a). Suppose -10*i - y + 1283 = 0. Calculate the highest common divisor of i and 64.
32
Let m(a) = a**3 + 13*a**2 + 10*a + 12. Let j be m(-12). Let d = j - -63. Let l = d - 71. Calculate the greatest common divisor of l and 7.
7
Let u be -3 - -17*(-15)/(-1). Suppose 52 = i + n, 0*n - u = -5*i - 3*n. Suppose 19 + 35 = 3*r. Calculate the highest common factor of i and r.
6
Let c(x) = -268*x + 11451. Let l be c(40). Calculate the highest common divisor of l and 344.
43
Let p be (66/8)/(3/40). Let k = 15297 - 15253. What is the greatest common factor of p and k?
22
Let t be (4/6)/(2/171). Suppose -5*o - 42 = -7*o - 2*x, 0 = -2*o - 5*x + t. Calculate the greatest common factor of o and 32.
16
Let p(q) = q**2 + 18*q + 31. Let f be p(-17). Let i be -9 + 329/f + 1/2. What is the highest common divisor of 15 and i?
15
Let p(a) = -a**3 + 11*a**2 + 10*a + 2. Let w be p(11). Suppose w = -6*f + 11*f - 2*h, 5*f = -h + 124. What is the highest common factor of 48 and f?
24
Let t(k) = 8*k**2 + 39*k + 5. Let z be t(-5). Suppose -293 = z*n - 923. What is the greatest common divisor of 45 and n?
9
Let j = 3371 - 3291. Calculate the highest common divisor of j and 90.
10
Let z(s) be the second derivative of -77*s**3/3 - 14*s**2 - 5*s + 3. Let c be z(-4). Calculate the highest common factor of c and 14.
14
Let n be 24/(-8) + 39 + 15. Calculate the greatest common divisor of 85 and n.
17
Suppose -55*l = -94*l + 5577. Suppose 210 = -2*h + k, 2*h - 4*k = -9*k - 210. Let z = h + l. Calculate the greatest common divisor of z and 19.
19
Let d(t) = 1 - 34*t**3 + 7*t + 33*t**3 - 5 - 11*t**2. Let v be d(-11). Let s = v - -129. Calculate the greatest common divisor of s and 24.
24
Suppose 6*t - 710 = 844. Let u = 310 - t. Calculate the highest common factor of u and 6.
3
Let h = -118 + 120. Let a(s) = -8*s + 2. Let i(c) = 9*c - 2. Let g(u) = 4*a(u) + 3*i(u). Let f be g(-2). What is the highest common divisor of f and h?
2
Let n(z) = 3*z**2 + 13*z - 27. Let q be (-30)/(-8)*-2 - 4/8. Let h be n(q). Let p = -46 + h. What is the highest common divisor of 5 and p?
5
Suppose -2*h - p = -334, -7*h + 8*h - 3*p - 174 = 0. What is the greatest common divisor of h and 156?
12
Let u(i) = -i**2 - 25*i + 10. Let b be u(-9). Calculate the greatest common factor of 638 and b.
22
Let l(a) = a**3 + 10*a**2 - 14*a - 3. Let m be l(-11). Let j = -24 - -33. Suppose -j*b + 1823 + 337 = 0. What is the greatest common divisor of b and m?
30
Suppose 0 = 247*a - 238*a - 216. Calculate the highest common divisor of a and 2136.
24
Let u(s) = 16845*s**3 + 31*s**2 - 31*s + 3. Let k be u(1). What is the greatest common divisor of k and 32?
16
Let a = -162 - -183. Let j be 10/40 + (-838)/(-8). What is the highest common divisor of j and a?
21
Suppose -76 = -2*s - 44. Suppose -11 = -9*f + s. Suppose 6*w - w - 45 = -3*g, f*w + g - 23 = 0. What is the highest common factor of w and 24?
6
Suppose 33*